he prime factors of l?
2, 37
Suppose 2625*h + 3860 = 2629*h. List the prime factors of h.
5, 193
Let s = 131 - 25. Let v = s + -13. List the prime factors of v.
3, 31
What are the prime factors of (25/2)/(2/104)?
2, 5, 13
Let y(h) = 2*h**2 - 20*h + 1. Let j be y(10). List the prime factors of (56/(-70))/(j/(-340)).
2, 17
Suppose -5*r + 12 = -4*v + 6*v, -5*r + 5 = -5*v. Let p = -58 - -73. Suppose r*l + 3*l - p = 0. What are the prime factors of l?
3
Let w(g) = -2*g - 23. Let l be w(-14). Suppose 0 = n - l*n - 5*r + 652, 2*n + 5*r = 336. List the prime factors of n.
2, 79
Let v = 319 - 102. What are the prime factors of v?
7, 31
What are the prime factors of (-9)/(9/4) + 859?
3, 5, 19
Suppose 0 = s + 1 - 4. Suppose -5*k - s*k = -1224. What are the prime factors of k?
3, 17
Suppose 42*q - 15081 + 2061 = 0. List the prime factors of q.
2, 5, 31
Let p(w) = -w**3 + w**2 + w. Let k = -9 + 8. Let n be p(k). Let o = n - -16. What are the prime factors of o?
17
Let a = -7 + 5. Let v be (-2 - (-12)/8)*-20. List the prime factors of (a + v)*30/8.
2, 3, 5
Let a = -35 + 38. Suppose -a*h + h + 46 = 0. List the prime factors of h.
23
Suppose 81 + 9 = 2*f. Suppose 5*p - 240 = -5*d, -f = 3*d + 2*p - 187. List the prime factors of d.
2, 23
Let j(i) = -2*i**3 - 15*i**2 - 5*i - 55. What are the prime factors of j(-11)?
7, 11
Let u = -1240 + 727. Let g = -249 - u. What are the prime factors of g?
2, 3, 11
Let j = -1484 - -2105. What are the prime factors of j?
3, 23
Let b(o) be the first derivative of 13*o**3/3 + o**2 - 2*o + 10. List the prime factors of b(3).
11
List the prime factors of (12 - (-8030)/2)*1.
4027
List the prime factors of 52/(-78) + (-2732)/(-3).
2, 5, 7, 13
Suppose -q + p = 3*p + 39, -5*q = -4*p + 237. Let i = q + 94. What are the prime factors of i?
7
Suppose -6*g = -2*g. Let f(m) = -3*m + 22. Let n(z) = -16*z + 111. Let p(k) = 11*f(k) - 2*n(k). List the prime factors of p(g).
2, 5
Let b(d) = d**3 - 18*d**2 + d + 71. What are the prime factors of b(19)?
11, 41
Let q = 1907 + -414. List the prime factors of q.
1493
Suppose 384*h + 5238 = 402*h. What are the prime factors of h?
3, 97
Let j = 88 + -78. Suppose -35 = -m + j. What are the prime factors of m?
3, 5
Let f = -3 - -46. Let n = 66 - f. Suppose a - 16 = n. List the prime factors of a.
3, 13
Let r(v) = -v**2 - 5*v + 2. Let b be r(-5). Let i(z) = z + b + 32*z**2 - 31*z**2 + 0*z. List the prime factors of i(-9).
2, 37
Suppose 0 = 5*b - 20, 0 = 11*c - 9*c - 5*b - 1430. What are the prime factors of c?
5, 29
Suppose -h + 3*x + 16818 = 3*h, 2*x - 16828 = -4*h. List the prime factors of h.
2, 3, 701
Suppose -19 - 86 = 7*s. Let c be (654/s)/(4/(-10)). Suppose 3*l = 2*z + 208, -2*z - c = -4*l + 167. What are the prime factors of l?
2, 17
Suppose -3*v - 34 = -5*g, 2*v - 4*g + 32 = -2*v. Let s be (-33)/44*1*4. What are the prime factors of (0 + s - v) + 27?
3
Suppose 3*n + n - 5*g + 102 = 0, -4*n + 3*g - 98 = 0. Let l = n + 20. Let d = l - -25. List the prime factors of d.
2, 11
Let z = 30 - 31. What are the prime factors of 4/(48/699) + z/4?
2, 29
Let q(v) = -v**3 + 8*v**2 + 2*v - 10. Let t be q(8). Let h(z) = z**3 - 5*z**2 + 6*z + 2. List the prime factors of h(t).
2, 37
Suppose 3*j + p = -4*p + 8, 5*p = -2*j + 12. Let l be 1/j - 540/16. Let r = 0 - l. List the prime factors of r.
2, 17
List the prime factors of 1/2 + (-5)/20*-3938.
5, 197
Let x(y) = y**2 - y + 1. Let h(p) = 2*p**2 - 17*p + 10. Let n(d) = -h(d) + 5*x(d). What are the prime factors of n(-6)?
31
Suppose -4 = -3*a - 5*q, -5*a + 14 = q - 0*q. What are the prime factors of ((-2)/a)/((-2)/303)?
101
Let o(r) = r**3 + 15*r**2 - 2*r - 16. Let k be o(-13). Suppose -4*y + 3*t + k = 0, -t + 45 = -3*y + 306. List the prime factors of y.
3, 29
Let n = 75 - 73. Suppose -4*b - 5*r + 245 = -426, 0 = -n*b + 3*r + 319. What are the prime factors of b?
2, 41
Let y be 0 + (-650)/(-8) + (-13)/52. Let a = y - 34. List the prime factors of a.
47
Suppose 0 = n - 4, z - 2 = 4*z - 2*n. Suppose 5*f - g + z*g = 65, -5*f + g + 55 = 0. Suppose 0 + f = l. List the prime factors of l.
2, 3
Suppose -5*i - i + 1344 = 0. Suppose 6*u - 1256 + i = 0. List the prime factors of u.
2, 43
Let z(k) = -k**3 + 5*k**2 + 4*k - 1. Let l(d) = -d**3 + 5*d**2 + 4*d. Let s(w) = -7*l(w) + 6*z(w). Suppose -4 = -4*t + 20. List the prime factors of s(t).
2, 3
Let m(j) = -1147*j**3 + 2*j**2 + 2*j + 2. List the prime factors of m(-1).
3, 383
Let t be 12/4 - 12/1. Suppose -2*j + 25 = -3*j. Let w = t - j. What are the prime factors of w?
2
What are the prime factors of (20/15)/(6/153)?
2, 17
Suppose h - 3*c - 561 = 1992, 0 = -4*h - 5*c + 10144. List the prime factors of h.
3, 7, 11
Suppose 30*p - 7*p = 11339. What are the prime factors of p?
17, 29
Suppose -3*s = s. Suppose 4*o + k - 309 = 0, -3*k + 243 = 3*o - s*o. List the prime factors of o.
2, 19
Suppose 3*y - 14 = -4*n, -2*n - 8 + 0 = -y. What are the prime factors of 1178/6 + (-2)/y?
2, 7
Suppose -w = -5 - 0, -4*g - 4*w = -4. Let r be (-2 - g)/(-2) + -45. List the prime factors of r/4*(-2)/1.
23
Let n(m) = m + 1. Let d(w) = 2*w - 10. Let o(z) = -d(z) + 3*n(z). Let c be o(-7). Let i = c + 23. List the prime factors of i.
29
Suppose 0 = -3*z + 2*j + 889, z - 34 = 5*j + 271. Suppose 6*w - 1283 = z. What are the prime factors of w?
263
Let d(w) = w**3 + 5*w**2 + 3*w + 5. Let h be d(-4). Let u(a) = 8*a**2 - 5*a - 10*a + h + 5*a - a**3. List the prime factors of u(6).
3, 7
Let s be 689/(-4) + (1 - (-3)/(-4)). List the prime factors of (-42)/(-54) - (-4)/18 - s.
173
Suppose 0 = 33*b - 11650 - 9173. List the prime factors of b.
631
Suppose 0 = -5*n - 4*b + 83 - 18, -11 = -4*n + 5*b. Let f be (n/6)/((-9)/(-150)). Let v = f + -21. List the prime factors of v.
2
Let w = 75 + -66. Suppose w*j - 445 = -175. What are the prime factors of j?
2, 3, 5
Let t(c) = -3*c - 24. Let u be t(-10). What are the prime factors of (u/(-10) - 3)/(6/(-220))?
2, 3, 11
What are the prime factors of (1*(-6)/(-8))/(10/6240)?
2, 3, 13
Let o = 35 + -37. What are the prime factors of ((-53)/o)/(1/2)?
53
Let m(v) = -v**2 - 9*v - 12. Let d be m(-7). Suppose -3*z - 3 = -5*u + d*u, 17 = -4*u - 3*z. List the prime factors of ((-54)/15)/(u/20).
2, 3
Let o = 3044 - 1566. List the prime factors of o.
2, 739
Let r(o) = -9*o**2 + 4*o + 16*o**2 - 6*o - 2*o**2. List the prime factors of r(-6).
2, 3
Suppose -16*h + 6207 + 4209 = 0. What are the prime factors of h?
3, 7, 31
Let s = 13 + -14. Let g(y) = 10*y**2 - 2*y - 1. Let l be g(s). Let u = l + 23. What are the prime factors of u?
2, 17
Let k = 31 + -23. Suppose 0 = k*g - 19 - 5. What are the prime factors of (g/9)/((-7)/(-525))?
5
Suppose -3190 = -2*u + y + 2488, 5*y - 14225 = -5*u. What are the prime factors of u?
3, 947
Let r(s) = -s**2 - 7*s + 3. Let n be r(-7). Suppose n*p + 30 = p. Let t = p + 28. List the prime factors of t.
13
Let u(g) = g + 8. Let l be u(-6). Suppose -4*z + l*f + 434 = 0, 2*z - 220 = -5*f - 33. What are the prime factors of z?
2, 53
Let t(r) = 4*r + 2. Let d be t(-5). Let z be -2 - 2 - (-7 - 2/2). Let c = z - d. What are the prime factors of c?
2, 11
Suppose 170000 = 41*w - w. List the prime factors of w.
2, 5, 17
Let h(b) = -64*b - 9. Let y be h(7). Let o be y/(-13) + 6/(-39). Let j = -5 + o. List the prime factors of j.
2, 3, 5
Let i(u) = 2*u + 3*u**3 + 6 + 5*u**2 - u**3 - 3*u**3 + 3*u. List the prime factors of i(5).
31
Let v = -18 - -1986. List the prime factors of v.
2, 3, 41
Let s be 5/4 + 6/8. Let a(k) = 21*k**2 - 5*k + 9. List the prime factors of a(s).
83
Let t be (8/(-3))/((-2)/3). Let w be (-16)/t + 15 + -3. Suppose -78 = -7*m - w. What are the prime factors of m?
2, 5
Suppose 13*r - 5*r = -8. Let j(s) = 3*s - s + 2 - 3*s. List the prime factors of j(r).
3
Let t(l) = 32*l + 434. List the prime factors of t(50).
2, 3, 113
Suppose h + 6*j - 2*j = -84, 0 = h + 3*j + 87. Let i = -66 - h. What are the prime factors of i?
2, 3, 5
Let j(x) = 10*x + 5 + 6 + 2*x**2 - 5 + 0. What are the prime factors of j(-7)?
2, 17
What are the prime factors of ((-54)/4)/((-10)/420)?
3, 7
Let b = -11 - -23. Let s = b - 16. List the prime factors of -4*(-42)/4 - s.
2, 23
Let p(j) = j**3 + 28*j**2 - j - 48. List the prime factors of p(-9).
2, 3, 5
Let r be (-210)/(-4)*240/(-50). What are the prime factors of -1 - -1 - 